?
False
Is 28067985191 composite?
False
Is 16990670318 prime?
False
Is 792823519 a composite number?
True
Is 99725137631 a composite number?
True
Is 124308173 a prime number?
False
Is 5707493229 a composite number?
True
Is 26051518943 a composite number?
True
Is 14829235 a prime number?
False
Is 471278531 a composite number?
False
Is 83549489 composite?
False
Is 31889966803 a composite number?
True
Is 1082959509 a composite number?
True
Is 75925117 prime?
True
Is 39188462653 a composite number?
True
Is 12082476137 a composite number?
True
Is 18238427183 composite?
True
Is 43020602953 prime?
False
Is 383020457 composite?
False
Is 1132575377 a composite number?
True
Is 2021756989 composite?
True
Is 156428141 a prime number?
True
Is 38313483427 prime?
False
Is 80647071677 a prime number?
False
Is 3510262183 composite?
True
Is 592458193 a prime number?
True
Is 1479346891 a composite number?
True
Is 3084657301 a composite number?
True
Is 33372801151 composite?
False
Is 1550724023 prime?
False
Is 3383866886 prime?
False
Is 1286742221 prime?
False
Is 225388433 prime?
False
Is 3687355513 composite?
False
Is 3996530293 a prime number?
False
Is 15167527787 a composite number?
True
Is 392523539 composite?
False
Is 151564814169 prime?
False
Is 48252898 a composite number?
True
Is 167844380023 prime?
True
Is 46851599033 a composite number?
True
Is 756797953 composite?
True
Is 29400885193 a prime number?
True
Is 28728015073 prime?
True
Is 1935561767 a composite number?
False
Is 7059865339 a prime number?
True
Is 1538918323 a prime number?
True
Is 1086187927 prime?
False
Is 1714512403 prime?
False
Is 55274870591 a composite number?
True
Is 213278417 composite?
True
Is 7052502893 prime?
True
Is 19165757741 a prime number?
False
Is 5725382711 a prime number?
True
Is 880235281 composite?
True
Is 2838699881 a composite number?
True
Is 23269587473 composite?
True
Is 88099749181 prime?
True
Is 5811941167 prime?
False
Is 35697293 a prime number?
False
Is 1975531231 composite?
False
Is 60765606883 a composite number?
False
Is 62041109321 a composite number?
False
Is 45977008159 a prime number?
True
Is 1000569809 prime?
True
Is 16529937 a composite number?
True
Is 567138329 a composite number?
False
Is 2813305199 prime?
True
Is 9574194431 composite?
False
Is 867257227 a prime number?
False
Is 12833120299 composite?
False
Is 2350382843 a prime number?
True
Is 1880269519 a composite number?
True
Is 32584283 prime?
True
Is 416473691 prime?
True
Is 85197899 a composite number?
False
Is 1028019739 a composite number?
False
Is 2334437639 composite?
True
Is 999769073 prime?
False
Is 4466158661 a composite number?
True
Is 1003676819 a composite number?
False
Is 487731779 a composite number?
True
Is 21257822797 a composite number?
False
Is 56171772649 prime?
True
Is 696397109 prime?
False
Is 5652660779 prime?
False
Is 1968295169 a prime number?
True
Is 7019023433 a prime number?
True
Is 707652839 a composite number?
True
Is 6493275223 a composite number?
True
Is 672768809 a prime number?
False
Is 6157435738 a composite number?
True
Is 117122263 composite?
False
Is 22980045161 a composite number?
False
Is 15149417923 a prime number?
True
Is 44327467883 composite?
True
Is 14646545591 a prime number?
True
Is 6211334203 a prime number?
True
Is 8648738069 a composite number?
False
Is 14093468995 a prime number?
False
Is 356003707 composite?
False
Is 1523912333 a composite number?
False
Is 33125023 a composite number?
True
Is 9798097597 prime?
True
Is 4544779817 composite?
False
Is 199665253834 composite?
True
Is 12454000847 prime?
True
Is 8533852737 prime?
False
Is 34922113 composite?
False
Is 31051037543 a prime number?
False
Is 1147161583 a composite number?
True
Is 158068417 a composite number?
True
Is 292523299 a prime number?
True
Is 7836115171 a prime number?
False
Is 343124416969 prime?
True
Is 24496196885 a prime number?
False
Is 327847301 prime?
False
Is 4462462915 composite?
True
Is 358812101 composite?
False
Is 7585839307 prime?
True
Is 94001456005 prime?
False
Is 1709860639 prime?
True
Is 83115635341 prime?
True
Is 18854494843 composite?
True
Is 3561594133 composite?
True
Is 46562242126 a prime number?
False
Is 1924945511 a composite number?
True
Is 18606842027 a composite number?
False
Is 63886008077 a prime number?
False
Is 86735339 composite?
False
Is 19458543341 a composite number?
False
Is 3383997053 a composite number?
True
Is 171198691477 prime?
False
Is 1265639029 prime?
False
Is 352417241 composite?
True
Is 90168734345 a prime number?
False
Is 19441290754 a composite number?
True
Is 614812993 composite?
True
Is 1354359593 composite?
False
Is 6408057371 a prime number?
True
Is 52694796221 prime?
True
Is 36299413 prime?
False
Is 397082289 prime?
False
Is 4999894271 a prime number?
True
Is 410191123 a composite number?
False
Is 1832913629 prime?
True
Is 1071779179 a prime number?
False
Is 3280076753 a prime number?
True
Is 79617225923 composite?
False
Is 41572051 prime?
False
Is 59491969921 composite?
False
Is 2586305567 a composite number?
False
Is 10505650147 a composite number?
False
Is 308131315 prime?
False
Is 207772687 a composite number?
False
Is 8322851573 a composite number?
True
Is 5783101411 a composite number?
False
Is 5049016307 a composite number?
False
Is 423554917 a prime number?
True
Is 224257147 prime?
False
Is 9874726445 prime?
False
Is 1041088423 prime?
False
Is 9988348121 prime?
True
Is 7843300973 a prime number?
False
Is 12901689991 a prime number?
True
Is 46226517713 composite?
False
Is 2371246291 a composite number?
True
Is 728128759 prime?
False
Is 2337603913 prime?
False
Is 60176120507 composite?
False
Is 61991171441 composite?
False
Is 225867473 composite?
True
Is 53583476453 prime?
False
Is 44363046493 a composite number?
False
Is 13978532809 a composite number?
False
Is 559888249 prime?
True
Is 35573912333 composite?
False
Is 2751629821 a composite number?
True
Is 525428203 a prime number?
False
Is 121365715489 a composite number?
True
Is 18521938423 a prime number?
True
Is 12916100569 prime?
False
Is 177266944079 prime?
True
Is 96026168335 a composite number?
True
Is 53182752817 a composite number?
True
Is 421987757 prime?
True
Is 359674619 a prime number?
False
Is 5810881993 prime?
False
Is 894486829 a composite number?
False
Is 2789926019 a composite number?
False
Is 2269884377 composite?
False
Is 17396609267 a composite number?
False
Is 43269621203 a composite number?
False
Is 10443473539 a composite number?
False
Is 1822968907 prime?
False
Is 347131261 composite?
False
Is 5396038547 prime?
False
Is 228585053 prime?
True
Is 29930377331 a prime number?
True
Is 9627035287 prime?
True
Is 110879707 a composite number?
True
Is 188650909 composite?
False
Is 159258417821 a composite number?
False
Is 12895857071 a composite number?
False
Is 2806445479 prime?
False
Is 681179599 composite?
False
Is 24328044061 prime?
True
Is 1226135297 prime?
True
Is 54760385687 a prime number?
False
Is 184913715089 prime?
False
Is 3907133287 a composite number?
False
Is 35235257 a prime number?
True
Is 1849939331 prime?
False
Is 996186539 composite?
False
Is 9320799459 composite?
True
Is 20613731 a composite number?
False
Is 2038485013 composite?
False
Is 451565097 prime?
False
Is 1175158399331 a prime number?
False
Is 33347626253 composite?
False
Is 5243705911 composite?
False
Is 6411545131 prime?
True
Is 3791083649 composite?
False
Is 1318917161 a composite number?
False
Is 1876811897 prime?
False
Is 38358897089 composite?
False
Is 609238013 composite?
False
Is 32863229291 a prime number?
True
Is 87598583 composite?
False
Is 149568217 a composite number?
False
Is 433320211 prime?
True
Is 3870164867 a prime number?
False
Is 5053356509 a composite number?
True
Is 188752658971 a prime number?
True
Is 5133046507 prime?
True
Is 2698027251 a prime number?
False
Is 13555927849 composite?
True
Is 643862613 a composite number?
True
Is 1353730039 composite?
True
Is 334360639 prime?
True
Is 7768491691 composite?
True
Is 6634004207 prime?
False
Is 148003187 prime?
False
Is 9346730597 a prime number?
True
Is 275785139347 a prime number?
True
Is 7265157011 prime?
False
Is 317069533883 a composite number?
False
Is 6199388449 a prime number?
True
Is 6437650903 prim